*3 - 2*v - 2. Let l be r(3). Let y be -3*(-3)/(-9)*l. Calculate the greatest common divisor of 14 and y.
7
Suppose 2*l - 4*d = -100 + 296, -5*d - 196 = -2*l. Let x be (42/(-2))/(3/(-2)). Calculate the greatest common divisor of x and l.
14
Let l(q) = -3*q - 4. Let t be l(-11). Suppose 2*m - 586 = -5*p, p - 238 = -p - 2*m. What is the highest common divisor of t and p?
29
Suppose 253 = 3*y + 79. What is the greatest common divisor of y and 2?
2
Let f = 73 - 51. Suppose 7*z - 6*z = 4*a + 162, 2*z + 4*a = 300. What is the greatest common divisor of z and f?
22
Suppose -3*d + d + 98 = -2*z, -2*z + 127 = 3*d. Let k = -9 - 0. Let s(c) = c**2 + 9*c + 5. Let f be s(k). What is the greatest common factor of d and f?
5
Let g be 1/(-3)*(-7 - 5). Suppose -g*c - 38 = -4*v + 54, 5*c = -20. Let y = -113 - -322. What is the highest common divisor of y and v?
19
Let r(c) = -60*c**2 + 2*c + 1. Let h be r(-1). Let s = h - -68. What is the highest common factor of 49 and s?
7
Let r be (81/(-4))/(18/(-48)). Suppose 2*v - 4*v = -12. What is the greatest common divisor of r and v?
6
Suppose 0 = -3*o + 67 - 1. Suppose 4*t - 104 = 2*n + 110, -269 = -5*t + 2*n. What is the greatest common factor of t and o?
11
Let r(c) = c - 7. Let y = 8 - -1. Let i be r(y). Suppose i*n - 7 = 29. Calculate the highest common factor of n and 18.
18
Suppose o = 4*w - 2*o - 1276, o + 638 = 2*w. Calculate the highest common divisor of 22 and w.
11
Suppose -4*k + 351 = 3*j + 63, -88 = -j - 4*k. What is the greatest common divisor of 640 and j?
20
Suppose -4*c = -c. Suppose -4*g + 4*j + 2 = -58, -3*j + 3 = c. Let u = 659 + -657. Calculate the highest common divisor of g and u.
2
Let k(n) = n + 9. Suppose 27 = -4*p + 7. Let x be k(p). Suppose 0*l - 5*l = -30. What is the highest common factor of x and l?
2
Suppose -3*y - 2 - 7 = -5*v, 3*v - 5*y = -1. What is the highest common divisor of 22 and v?
1
Suppose -x = -3*w - 267 + 57, 0 = 5*x + 4*w - 1088. Let i = x - 128. What is the greatest common divisor of 11 and i?
11
Let l = -191 + 329. What is the greatest common factor of l and 92?
46
Let y(b) = 6*b**3 + 8*b**2 - 12*b - 2. Let q be y(2). Calculate the greatest common factor of 36 and q.
18
Let n = -579 + 582. Suppose 0 = r - 25 + 4. Calculate the greatest common divisor of r and n.
3
Let t(x) = -8*x**3 + x**2 + x - 1. Let q be t(1). Let d(z) = -7*z - 15. Let k be d(q). What is the highest common factor of k and 374?
34
Let c = 129 - 33. Let f = -90 + c. Let x = 4 + 0. Calculate the highest common divisor of x and f.
2
Suppose -71*l + 451 = -2531. What is the greatest common divisor of l and 120?
6
Let h be (2 + 2)*2*10. Suppose k + 32 = 2*k. Suppose k = -2*q + 6*q. Calculate the greatest common factor of h and q.
8
Let m(v) = 6*v**3 + 2. Let b be m(2). Let n = -296 - -429. Let u = n - 58. What is the highest common factor of u and b?
25
Let c be 2*(9/(-6) - -3). Suppose -w + c*w = 0. Suppose -37 = -2*u + d, w*u - u + 20 = -2*d. What is the greatest common divisor of u and 198?
18
Let a(g) = -19*g + 5. Let n(h) = -18*h + 4. Let f(v) = -3*a(v) + 4*n(v). Let z be f(-1). Let x = 63 - 31. What is the highest common factor of z and x?
16
Suppose -i + 288 = 285. What is the highest common divisor of i and 108?
3
Let b = -2467 - -2474. Calculate the greatest common factor of 1 and b.
1
Suppose -10 - 118 = -b + 4*z, 444 = 3*b + 3*z. Let j = 360 - b. What is the greatest common divisor of 24 and j?
24
Suppose -3*s - q = 3*q - 733, 0 = 4*s - 3*q - 994. What is the highest common factor of 52 and s?
13
Let p = 504 - 477. Calculate the highest common divisor of 99 and p.
9
Suppose -3*q + 36 = -30. Let v(n) = 7*n - 6. Let d be v(4). What is the highest common divisor of q and d?
22
Let t be (-3)/(-4) + 27/(-4). Let i(f) = -5*f - 15. Let s be i(t). Calculate the highest common factor of 3 and s.
3
Suppose 0 = -p + 4 - 0. Suppose 0 = 5*s - f - f + 54, -p*f = 2*s + 36. Let n = s - -13. Calculate the greatest common divisor of n and 3.
1
Let r(b) = b - 1. Let w be r(7). What is the greatest common divisor of w and 6?
6
Suppose -20 = -2*o + 4*l, 4*o - 5*l - 65 = -2*l. Let i = o - 10. Suppose -2*t = t - 2*w - 26, 0 = t - 4*w - 2. Calculate the highest common divisor of i and t.
10
Let d = -108 + 156. Suppose 2*q - 48 = 5*u, 3*q + 7*u = 3*u + 72. What is the greatest common factor of q and d?
24
Let n = -11 + 19. Let y(i) = -i**2 - 12*i + 62. Let m be y(-16). Let u be 62 - (28/m)/7. What is the highest common factor of u and n?
8
Suppose -3*l - l = -2*q + 198, -4*l = -q + 105. Suppose -12 - q = -3*x. Let w = -2 - -7. Calculate the greatest common divisor of x and w.
5
Let f be (-4)/((-8)/(-3))*-18. Let q = 96 - f. Let r = q - 21. What is the highest common divisor of 16 and r?
16
Let g be (-1)/(2/(10/1)). Let v(p) = -2*p + 2. Let m(b) = 1. Let f(c) = -3*m(c) + 3*v(c). Let j be f(g). What is the greatest common factor of 3 and j?
3
Suppose -3*y - q = -6*q - 350, -4*q = -y + 112. Let z(i) = -19*i - 673. Let u be z(-37). Calculate the highest common factor of y and u.
30
Let o = -287 + 299. Calculate the highest common divisor of o and 28.
4
Let a be (115 - (-36)/(-6)) + 3. What is the highest common factor of 42 and a?
14
Let t(o) be the first derivative of -o**3/3 + 7*o**2 - 20*o + 46. Let p be t(12). What is the greatest common factor of p and 6?
2
Let x be (44/12)/1 - 4/6. What is the greatest common factor of x and 87?
3
Let q be (-2)/6 - 488/(-24). Let m be -45*2*q/12. Let u = -24 - m. What is the highest common factor of 14 and u?
14
Suppose -2*q + z + 134 = 0, 3*z = -3*q - 2*z + 188. What is the greatest common factor of q and 726?
66
Suppose 0 = -v + 5*v. Suppose j - 13 + 9 = 0. Suppose -j*r + 62 - 6 = v. Calculate the highest common factor of r and 7.
7
Let k(s) = -2*s + 20. Let c be k(9). Suppose -c + 6 = y. Suppose a - 26 - y = 0. What is the highest common divisor of 20 and a?
10
Suppose 16 = 5*n - o, o = -2*n + 2*o + 4. Suppose n*t - 2 = 3*t. Let l be 36/27*(-12)/(-8). What is the highest common factor of t and l?
2
Suppose -4*m + 208 = -6*m. Let b = 66 - 130. Let l = b - m. Calculate the greatest common divisor of l and 10.
10
Let j be (21/(-28))/(2/(-8)). Let h(y) = 11*y**2 + y**j - 2*y + 13 + 0*y**3 + 13*y. Let g be h(-10). What is the highest common divisor of 9 and g?
3
Let m(i) = i + 10. Let o be m(-11). Let p be (5/7 + o)*-14. What is the highest common divisor of p and 6?
2
Let t(r) = -2*r - 12. Let u be t(-7). Suppose -u*h + 184 = 58. What is the greatest common divisor of h and 9?
9
Suppose -b - 83 = -2*b. Suppose 4*d - b = 9. What is the greatest common factor of d and 92?
23
Let t = -138 + 88. Let f = -44 - t. Calculate the greatest common divisor of f and 2.
2
Let c(g) = -g**3 + 14*g**2 - 18*g - 95. Let k be c(11). What is the highest common factor of k and 40?
10
Let w(y) = -27*y - 6. Suppose -j = -2*a - 0*a - 9, 0 = -a + 2*j - 12. Let t be w(a). What is the greatest common factor of t and 24?
24
Let f = 5 + 5. Let v be (-16)/208 - (-393)/39. Calculate the greatest common factor of v and f.
10
Let y be (-2)/13 - (-15)/13. Let s be 2/(-1)*(-4 + (-2)/(-1)). Let q be (-90)/(-8) - 1/s. Calculate the greatest common divisor of y and q.
1
Let j = -265 + 521. Let x = -72 + 104. What is the greatest common divisor of j and x?
32
Let l = -1 - -9. Suppose -l = t - 293. Let n be 2/16 - t/(-24). What is the greatest common factor of n and 30?
6
Suppose 2001 = 30*r + 46*r + 481. Let u be (2/(-5))/((-2)/20). Calculate the highest common divisor of r and u.
4
Let u = 10 + -7. Let m be (u + -4 + 2)/(-1). Let j be 1*-6*m/2. What is the greatest common divisor of 15 and j?
3
Suppose 0 = 2*x + w - 167, 4*w - 3*w - 329 = -4*x. Calculate the highest common divisor of 24 and x.
3
Suppose -12 = 7*r - 10*r. Let h(t) = 2*t - 4. Let w be h(r). Suppose -k = 2*b - 3*b - 14, w*b = 0. Calculate the highest common divisor of 98 and k.
14
Suppose -9*g + 18 = -117. Suppose g*m - 231 = 4*m. Calculate the highest common factor of 6 and m.
3
Let z(t) = -t + 13. Let a be z(10). Suppose -5*p - 2 = -17. Suppose d + 17 = -5*n, 3*n + n = -p*d - 7. What is the greatest common divisor of a and d?
3
Suppose 2*j + 5*s = 83, 245 = 5*j - 0*s + 5*s. Suppose 0 = -5*t + 4*o - 22 + 210, -4*o - 8 = 0. What is the greatest common fa